 + 535 = -2*i, 4*l + 5*i = -s + 1028. Is l a prime number?
False
Let k(f) = f**3 - 20*f**2 + 3*f + 5. Let g be k(19). Let t = 3258 - g. Is t a prime number?
True
Let g(f) = f**3 + 6*f**2 - 6*f - 6. Let z be g(-6). Suppose -z = 5*m - 35. Let y(c) = 467*c**2 - 2*c + 1. Is y(m) prime?
False
Let j(s) = 6 - 2 - 4 + 5*s - 5. Let m be j(3). Suppose -552 = 2*y - m*y. Is y composite?
True
Suppose -5*w - 4*m = -0*m + 209, 0 = w - 2*m + 53. Suppose -54*h + 3969 = -5*d - 51*h, -3186 = 4*d + 3*h. Is d/w*(-12)/(-2) prime?
False
Let v(r) = 371*r + 4735. Is v(44) a prime number?
True
Let x = 1724 + -773. Is (1 + x/7)*(-392)/(-56) composite?
True
Let c(i) = 14*i**2 + i - 35. Let y(u) = u**2 - 33*u + 108. Let l be y(29). Is c(l) a prime number?
True
Let i(t) be the first derivative of t**3/3 - 5*t**2 + t + 19. Let u be i(-7). Let n = 379 - u. Is n a prime number?
False
Suppose 1314844 = 57*v - 512918. Is v composite?
True
Let f = -126 + 120. Let k be -4*4/f*(4 + 413). Suppose -1842 = -7*b + k. Is b composite?
True
Let a = -58150 - -253143. Is a prime?
False
Let z(k) = -7 + k - 23 + 7. Let c be z(11). Is 4/8 - 6678/c a composite number?
False
Let s = 78 + -76. Suppose 5*m - 6*m - 3*v = -958, s*m = 5*v + 1905. Let d = m + -624. Is d a prime number?
True
Suppose 0 = -4*j - 3*q + 542400, -2*j = j - 4*q - 406775. Suppose -12*m - 23421 = -j. Let t = m - 6591. Is t prime?
False
Suppose 8*y + 31 + 265 = 0. Let x = -28 - y. Suppose -10*t = -x*t - 118. Is t composite?
True
Let q(r) = -6255*r**3 + 2*r**2 - 21*r - 68. Is q(-3) a prime number?
False
Let x(o) = -492*o**3 - 5*o**2 + 3*o - 3. Let q(d) = 2*d**3 - d**2 - d. Let v(s) = -6*q(s) + x(s). Is v(-4) composite?
False
Let o = -24083 + 49861. Is o composite?
True
Suppose -5*l + 6*l = 2*u - 378, u - 199 = -2*l. Let r = 212 + u. Is r composite?
True
Let v(t) = -2764*t**3 - 2*t**2 + 2*t - 2*t + 1 - 172*t**3. Let z(b) = -b**3 - 6*b**2 - 1. Let a be z(-6). Is v(a) a prime number?
False
Let m be (-15)/225*-10 - 64/6. Is -2*(6025/m + 0) composite?
True
Let b(n) = -142624*n - 345. Is b(-1) prime?
False
Let n(w) = -w**3 + 8*w**2 + 46*w - 11. Let k be n(-4). Let y = -11 - -8. Is k*(-2 - (-31)/y) a composite number?
False
Suppose -2*y = 2*t - 422, -2*y + 434 = 2*t + 3*y. Let h = -182 + t. Is h composite?
True
Let g = -26654 - -56307. Is g composite?
True
Suppose -4*f = -4*v + 120236, 3*f + 60115 = -30*v + 32*v. Is v a composite number?
True
Suppose -104*j + 56293957 = -6*j - 158539585. Is j a composite number?
True
Suppose 4*a + 2388 = x - 2616, 2*a + 2484 = -4*x. Let k = a + 2905. Is k a prime number?
False
Let u = 18224 - 43262. Let s = u - -41201. Is s a composite number?
True
Suppose 3*u = -v + 3, -3*v - 3*u - 7 = 2. Let q(f) = 1 + 80*f - 147*f - 136*f. Is q(v) composite?
True
Is (9/(-18))/((-16)/1789152) a composite number?
True
Let u(f) = -f**3 - 6*f**2 - 6*f - 38. Let j be u(-9). Is 6/7 - (-1238575)/j composite?
False
Let t(r) = 3*r + 27. Let j be t(-8). Let z(p) = -58*p**3 - 2*p**2 + 2*p + 2. Let v be z(j). Let i = v - -2619. Is i a composite number?
True
Let f = 195500 + -137876. Is 3/5 - (-10 + f/(-10)) a composite number?
True
Let k be 16*1*(-2)/4. Let g(c) = 20*c**2 - 12 - 71939*c + 71946*c - 1. Is g(k) composite?
True
Suppose -116*v = -106*v - 455530. Is v prime?
True
Suppose -3*y = -v - 134, 4*v - 24 = -8. Is y + (-14)/(-7) - -5 a prime number?
True
Let z = 145245 + -102634. Is z composite?
False
Let w be ((-3719)/(-2))/((-37)/(-74)). Suppose 0 = -3*v + 3730 + w. Is v a prime number?
False
Suppose y + 10 = 5*s, -3*s - 10 = -8*s + 2*y. Suppose 23*n = -s*n + 56225. Is n a prime number?
False
Let h = 2570 + 204. Is -5 + 0 + (h - -4) prime?
False
Let d be (-18768)/(-4) - (3 + 1). Suppose d = -27*t + 28*t. Suppose t = -3*f + 19*f. Is f a composite number?
False
Suppose 0 + 4 = -p + c, -3*p = c. Is -166*(p/2)/((-11)/(-121)) a prime number?
False
Let p(i) = 44*i**2 + 4*i. Let w be 2 + (1/((-2)/18))/1. Let u be p(w). Suppose -2143 - u = -n. Is n a prime number?
True
Suppose 118*u = 117*u + 2*n + 178749, 5*n = 10. Is u composite?
False
Let f(c) = -108*c**3 + 10*c**2 + 38*c + 119. Is f(-11) prime?
True
Let v(n) = -n. Let x(q) = 95*q**2 + 78*q - 1. Let j(p) = 2*v(p) + x(p). Is j(12) prime?
True
Suppose 0 = -t + 27 - 19, -4*x + 2547852 = -4*t. Is x composite?
True
Suppose -38*u + 28*u = -80. Is 6 - (-4986 - (3 - u)) a composite number?
False
Suppose -4*k + 23 + 17 = -5*z, 0 = 5*k - z - 29. Is (k/(-5))/(7/(-29267)) a composite number?
True
Suppose 0 = -56*i + 1961713 + 2012551. Is i a composite number?
False
Let g(q) = 2*q**2 + q + 4. Let j be g(2). Let c be 28/98 - (-80)/j. Suppose -19*y + 8931 = -c*y. Is y a composite number?
True
Let m = 586929 + -271190. Is m composite?
False
Let h = 238105 - 121074. Is h prime?
False
Let z(k) be the first derivative of 7 + 7*k**2 + 3*k + 1/3*k**3. Is z(-16) a composite number?
True
Suppose 0 = -10*s + 5*s - 80. Let l = 281 + s. Is l a composite number?
True
Let s(u) = 5*u**3 + 8. Let k = 240 - 237. Is s(k) prime?
False
Let i = 30 - 25. Suppose i*r = 1 + 9. Is 254/r*(-2 + 3) composite?
False
Suppose 9*q + 17*q - 379028 = 0. Let t = -7047 + q. Is t a prime number?
False
Let n = 721 + -221. Let b = 834 - n. Suppose b + 320 = 6*x. Is x a composite number?
False
Suppose -8*u - 116 = 84. Is ((-6130)/u)/((20/25)/4) a prime number?
False
Let p(w) = -w**3 - w**2 - 20*w + 173339. Is p(0) a composite number?
True
Let k(d) = 3430*d - 3. Suppose 3*y - 2 = 2*x + 11, 5*x = y. Is k(x) a composite number?
True
Let g be (-2 + (-12)/(-5))/((-9)/(-90)). Let j(m) = -224*m + 17. Let u be j(g). Let r = -202 - u. Is r composite?
False
Let t = 10 + -6. Suppose -3*l + 2*u + 183 = 0, 4*u - 133 = t*l - 381. Is l prime?
True
Let f = -29 - -26. Is (2 + (-45)/18)/(f/96522) a composite number?
False
Suppose -m + 13*s + 127769 = 15*s, 3*m = 3*s + 383280. Is m a prime number?
True
Suppose -30834 + 140894 = 19*s - 318409. Is s composite?
True
Suppose 6*t + 7 = h + 3*t, 4*h + 3*t = -17. Let y be 4 + 18/(-45) + 1076/(-10). Is h/(-13) - 16936/y a composite number?
False
Let x(s) = s**3 + 10*s**2 + 10*s + 4. Let h be x(-10). Let q(t) = -t + 1. Let b be q(12). Let j = b - h. Is j a composite number?
True
Let d = 79009 - 54786. Is d a composite number?
False
Let u be (1 - -1083)*((2 - -1) + -1). Suppose -4*t = -2*x - u, 5*x - 124 = -2*t + 972. Let j = t + -358. Is j a composite number?
True
Suppose 92*a + 20781589 = 195*a. Is a prime?
False
Suppose -5068238 = -22*c - 28*c - 36*c. Is c a prime number?
False
Let g = 2843 - 845. Is 19/(-4 - g/(-498)) a composite number?
True
Suppose 4*m - 12 = -0*m. Suppose 4 = 2*k, -4*k = h + h - 1454. Suppose -2*u = 4, 4*u - h = -m*s + 1342. Is s composite?
False
Let l(h) = 226*h**2 - 6*h - 11. Suppose 20*i + 57 = -43. Is l(i) a composite number?
False
Suppose -5*q + 127 - 47 = -3*b, 2*q + b = 32. Let d(t) = 12 - 499*t - q + 164*t. Is d(-1) prime?
True
Let x(z) = -4*z + 4. Let w be x(6). Let y be ((-8)/w)/(2/20820*2). Let m = y - 1165. Is m prime?
False
Suppose -4*f = -4*t + 69 + 23, 0 = f - 2*t + 22. Suppose -37*g = -35*g + 330. Let r = f - g. Is r prime?
False
Let f(t) = -19*t**2 - 21*t - 83. Let q(x) = 29*x**2 + 31*x + 125. Let n(z) = -8*f(z) - 5*q(z). Let i = 1522 - 1539. Is n(i) a composite number?
True
Let r be (-1 - -1) + -3 + 7. Let c(p) = -2*p**3 - 10*p**2 - 27*p - 12. Let m be c(-5). Is (-28)/(r + -11) + (m - 0) composite?
False
Let p be -11 + 86/8 - (-162)/8. Suppose 104423 = p*j - 9*j. Is j a prime number?
False
Suppose -2*w + 5*g + 378374 = -688211, 0 = -g + 5. Is w a composite number?
True
Let z = -1135 + 2196. Is z prime?
True
Suppose -85 = 3*k - 5*b, 42 + 13 = -3*k - b. Let z = k + 22. Suppose -2053 = z*o - 3*o. Is o a prime number?
True
Let t(w) = -w + 3. Let d(x) = 3*x - 8. Let n(m) = 6*d(m) + 17*t(m). Let o be n(4). Suppose 2*y + 3415 = o*y. Is y composite?
False
Let n(g) be the second derivative of 7*g**5/10 - g**3/6 - 5*g**2/2 + 9*g. Let u be n(4). Is -2*u/4*-2 composite?
False
Suppose 66*p + 10539745 = 172*p - 21*p. Is p prime?
True
Let y(g) = 1 - 193*g + 97*g + 83*g - 11*g**2 - 2*g**3. Let u be y(-8). Suppose 3*a = d + u, 0*d - 431 = -3*a + 4*d. Is a prime?
False
Let v(u) = -11440*u**3 + 3*u**2 + 23*u + 53. Is v(-3) composite?
True
Let w(f) = 10*f + 5*f - 11 - 1. Let y be w